9
What is the value of 14 + (-33 - (-15 - 0))?
-4
7 + 0 - (3 - ((-16 - 0) + -1 - 17))
-30
What is the value of 108 - (0 + 3) - (5 + -47 - -46)?
101
Calculate (12 - -23) + (-9 - (11 - (12 - -13))).
40
3 - 29 - (-3017 + 2997)
-6
What is 47 + -60 + -11 + 0 + 10 + (71 - 83)?
-26
-101 + (42 + -44 - (-33 + 21))
-91
What is the value of -32 + -51 - ((19 - 27) + -4)?
-71
-1 - (3 + (-1 - (5 + -10))) - -48
40
What is the value of (-1 + 6 - -7 - 6) + -6 + -12?
-12
Evaluate -31 - (-26 - (78 - 81)).
-8
What is (-60 - -31 - 76) + 193?
88
19 + 48 + 8 + -135
-60
Calculate -17 + 19 + -9 + (79 - (9 + 11 + -8)).
60
-21 + -7 + 29 - (-1 + -5 + -3) - 57
-47
What is the value of 30 - -7 - (103 + -19 + -13)?
-34
33 + -9 + (-4 - -2) + -63 + 120 + -54
25
What is -57 - (46 + -83 + 13)?
-33
What is the value of (1 - 0) + (-6 - (9 + -101)) + 18 + -13?
92
Calculate 4 + 13 + -16 + -38.
-37
Evaluate 18 + -1 + (26 + -82 - -13) + 19.
-7
Evaluate 4 - (18 - (3 - 0)) - (-184 - -247).
-74
Calculate 11 + -18 + (-40 - -21) + -5 + (-1 - -1).
-31
Calculate (0 - -3 - 2) + -7 + -7214 + 7173.
-47
Calculate 1 + (1 - -11) + (69 - 9) + -72.
1
77 - (68 + 11 - -21)
-23
Calculate 39 - (145 - 79) - (32 + -1).
-58
Calculate (-197 - -205) + (24 - (-14 - -1 - (72 - 77))).
40
What is the value of 44 - (-115 - -117 - (-10 + 0 + -5))?
27
Evaluate (36 - (-2 + -20)) + -4.
54
Evaluate 17 + 57 + -4 + -8 + -18.
44
What is 11 + (9 - -34) + -57?
-3
Calculate -2 - -9 - (38 + 6 + -47) - 35.
-25
Evaluate (-89 - -97) + 5 + -50.
-37
Evaluate -32 + (-20 - -46) + -30.
-36
55 - (-1 + (-4 - 4) + (0 - (-15 - -6)))
55
(-156 - (10 - -5)) + (84 - 42)
-129
What is the value of 13 - ((12 - 4) + 103 + -6 + -12)?
-80
Calculate 21 - 2 - (0 + 5 + (-121 - (66 + -190))).
11
What is the value of -10 + (-9 - 16 - -21) - 0?
-14
0 + (2 + 9 + -4 - 15) - 43
-51
Evaluate (-6 - -31) + (-706 - -711).
30
Calculate -69 - -30 - (-1 + -2 - 1).
-35
(182 - 156) + (-3 - (1 + (4 - 3)))
21
What is 3 + -55 + 37 + 50 + -2?
33
Calculate 51 + -1 + 2 - (-15447 + 15455).
44
Evaluate -12 - (-36 - 63 - -60).
27
Evaluate (49 + -1 + -57 - 23) + 50.
18
What is -36 - (-20 - (3 + (135 - 33)))?
89
What is -12 + -50 - ((6 - 29) + 21 + -10) - 3?
-53
Calculate -11 + -10 + (62 - 4).
37
What is -1 - ((-4 - -1 - 3 - -5) + -10 + 3)?
7
What is (-22 + -1 + -33 - -23) + 1 + 8?
-24
What is 52 + (-11 - (-6 - 15)) + 6?
68
Calculate (0 - -2) + -1 + 0 - (-1093 + 1088).
6
What is the value of 47 - (50 + -48 + 17)?
28
Calculate 63 + (-3 - 4) + (-20 - -33) + -16.
53
(115 - 111) + -3 + 4 + 4 + -21
-12
What is the value of -3 + (5 - 4) + 34 + -6 + -27?
-1
-22 + ((-3 - 15) + 29 - (3 + 4) - 19)
-37
72 - 100 - -52 - (0 - 1)
25
What is the value of 84 + -3 + -89 + 7?
-1
73 - (4 - (-123 - -167))
113
Evaluate 58 - (-62 - -121 - 19).
18
What is the value of 9 + 15 + (-20 - 5) + 20?
19
What is the value of (115 - 136) + 1 + -29 - 21?
-70
Evaluate (-13 - -3) + -5 + 16 + 12 + -64.
-51
-29 + (-3 + -4 - (-38 + 27)) + -4 + 1
-28
Evaluate (18 - 92) + -29 - (0 - 7).
-96
What is 28 + -115 + 25 + 73?
11
-4 + (3 + 1 - -1 - (-8 + 0) - -90)
99
What is the value of 5 + -4 + 27 + -13 + 64 + 4?
83
Calculate 7 - ((-14 - 3) + 20 + (-2 - -50)).
-44
Calculate -64 + (-13 - -6) + 5 + (7 - (18 - 10)).
-67
Calculate 6 - ((48 - 10) + -3 + 19).
-48
Calculate 10 + 45 + -16 - 65.
-26
What is 22 + (0 - (19 - 36)) - (1 - -14)?
24
What is 16 + 8 + 20 + -81?
-37
14 - ((15 - 9) + -1 + 10) - 1
-2
(84 - (-7 - -115)) + 11 + (0 - -1) + 78
66
2 - -57 - (675 - 647)
31
9 + 30 + 3 + (22 - 20) + -9 + -1
34
What is the value of -87 + 90 + (-20 + 30 - 14)?
-1
Calculate 19 + 18 + (4 - (10 - (-3 + 0))).
28
What is the value of 2 - (116 + 2) - (25 - (44 - 26 - -7))?
-116
Calculate 39 - (12 + 5 - (-14 - -25 - (3 - 1))).
31
What is the value of (62 - 58 - 32) + 24?
-4
What is the value of 10 - (50 - 7) - (-625 + 478)?
114
What is the value of 37 - -61 - (49 + 17)?
32
Calculate 47 - ((0 - -12) + (-1199 - -1177)).
57
What is 46 + -10 - -18 - 22 - -54?
86
What is the value of -3 + 1 + (39 + 29 + -85 - (3 - 104))?
82
Evaluate 12 + -10 - (-11 - -10 - 6) - (-12 + 105).
-84
What is the value of 5 + -24 + -8 + -5 + -2 + -2?
-36
Evaluate -66 + (48 - 24) - -42.
0
What is the value of (29 - (0 + -2 - -5)) + (8 - (11 - -6))?
17
What is (76 - 81) + 88 + (1 - 2) + -80 + 77?
79
What is -3 - (-11 + 2) - (-10 + 16 - 3)?
3
Calculate -17 + 90 + -30 - 2.
41
What is (5 - -29) + -121 + (67 - -54)?
34
Calculate -7 + -1 - (-61 + 33 + -16) - -13.
49
Calculate (0 - 5) + 74 + (-8 - (35 + -9)).
35
What is (-1 - 0 - 5) + (-1 - 16) + (263 - 110)?
130
What is 167 - -43 - 193 - (2 + 0 + -10)?
25
Evaluate (-402 - -406) + 5 + 1 - 49 - (-9 - 1).
-29
What is -55 + (80 - 35 - 41)?
-51
What is (-17 - 40) + 36 + 27?
6
What is the value of (-13 - (-2 - 4) - 1) + (16 - (11 - 4))?
1
Calculate 13 - (-21 - -53) - (-9 - (7 - 5)).
-8
What is the value of -18 + (12 - -7) + -11 + (-30 - -142)?
102
What is 549 + -475 + 8 + 1 + 1 + -44 + 44?
84
Evaluate 43 - (-41 - (-16 + -66)).
2
Evaluate -8 + (-11 + -1 - ((-1 - (18 + 3)) + 15)).
-13
What is (24 - (8 + -8)) + 5 + 20 + -35?
14
-29 + (-83 - -34) + 24
-54
Evaluate -131 + 53 - -127 - (20 + -1).
30
What is -18 + (-11 - -11) - (-87 - -46)?
23
Evaluate (-2 - -4) + (-11 - (22 + -93)) + -13 + 0.
49
-137 - -39 - (10 + -4 - 6)
-98
Evaluate (0 - (1 - 6) - (14 - -22)) + -12.
-43
What is the value of 5 + (5 - 4) + (24 - (-71 - -24 - -12))?
65
Evaluate 15 + (-19 - (11 + -21)) + -2 - 20.
-16
43 + -92 + 61 + 0 + -1 + -6
5
What is (33 - -3 - -1) + -65 + -70?
-98
Calculate -15 - -8 - (-2 + -12 + -2 - 3) - -7.
19
What is 82 + (25 - 54) + 2?
55
What is -23 - (1 - 0) - (-30 - (-66 - (24 - 54)))?
-30
-86 + 61 - (-117 + 18)
74
Calculate (-10 - -2) + 8 - (3 - 5 - -10).
-8
What is the value of -93 - 1 - (15 + -8 + 50 + -59)?
-92
What is 25 + -33 + 2 + 41 - 55?
-20
Calculate -65 - (55 + -40 + (-12 - -5)) - -21.
-52
What is (-6 - (-22 - -41)) + 35 + -6 - (-81 + -1)?
86
(-4 + -10 - -60 - 10 - (0 + -2)) + 10
48
Calculate -65 - (62 - (50 - -19)).
-58
83 + (-93 - -52) - -18
60
What is -48 + (88 - 60) + 54?
34
What is -39 + ((10 - 10) + -18 - -24)?
-33
What is the value of -77 - (0 + 1 + -31 - (407 - 414))?
-54
Evaluate 32 + 51 + (-142 - -104).
45
Calculate 0 + (-12 - -1) + -228 + 229 + (31 - -14).
35
(-4 - (41 + -25 + -12)) + -20
-28
Evaluate 5 + 6 + 2 + -17 - (-39 - -2) - -7.
40
What is -13 + -12 + (-10 + -18 - -22)?
-31
What is -16 - 1 - (3436 + -3368 - (25 - 1))?
-61
What is -182 + 247 - (94 - -4)?
-33
Evaluate -3 - (-52 + (-3 - -4) - (26 - (13 - -22))).
39
What is the value of -2 + (10 - 10) + (-2 - (4 + -2)) + 43?
37
What is 41 + -3 + (-27 - (-38 + 15))?
34
What is the value of 24 - (34 + -18 + -11 + 44)?
-25
-5 + -9 - -2 - 20 - (9 + 0)
-41
What is (-54 - (-4 + -16)) + 11 - (24 + -24)?
-23
Evaluate -115 + 8 + -47 + 90 + -30.
-94
Calculate (0 - -1) + (-4 + (1 - 89) - (-483 + 496)).
-104
What is the value of -3 + 21 - (2207 + -2181)?
-8
31 + (-57 - -9 - -18)
1
What is -2 + 3 + 1 + -1 - (-31 + (52 - -9))?
-29
Evaluate -82 + 128 + 41 - 46.
41
What is (0 + 4 - -8) + (181 - 288)?
-95
What is (10 - 19) + 42 + (0 - -8 - (1 - 1))?
41
What is -230 + 182 + -17 + -1?
-66
Calculate 1 + -11 + (-15 - (1 - 1) - (22942 - 22958)).
-9
What is 15 + -25 + 27 + (-53 - -25)?
-11
Evaluate 2 - 72 - (13 - (-29 - -36 - -9)).
-67
What is (4171 - 4201) + 21 + (-1 - 1)?
-11
Calculate (-31 - -24 - 27) + 13 + -26.
-47
Calculate 42 + (-98 - (15 + -11)).
-60
4782 + -4725 - (2 - 17)
72
1 + 0 - ((-30 - (-18 + 10)) + 65 + -13)
-29
What is the value of -6 - (-1 + (-42 - -18) + -1)?
20
What is (35 - 31) + 0 + 0 + -9 + -13 + 19?
1
Evaluate 7 - (16 - (8 + 0 + (-235 - -170))).
-66
What is the value of 3 + 89 + 31 + (-86 - -47)?
84
Calculate (30 - -3) + 3 - -3 - (-1189 + 1186).
42
What is (28 - (-15 - -6)) + -1 + -14 + 8?
30
Calculate 50 - 2 - (62 - (-109 - -59)).
-64
Evaluate -7 + (-23 + 15 - -33) + -60.
-42
What is (95 - 96) + (-74 - -171)?
96
What is (-2 - ((22 - 25) + 11)) + (0 - -17)?
7
What is -4 + -6 + -5 - (-50 + 13) - -23?
45
What is (-2 - -4 - -23) + -17 + 2 + 2 + 31?
43
Calculate (38 - (8 - -29)) + -5.
-4
What is (-9 - -15) + (125 - (11 - 22)) + -24?
118
-15 + 1 + 30 + -29 + 15 + -34
-32
Evaluate -1 - 76 - (-10 - (0 + -5 - (-10 - -18))).
-80
Calculate -2 - 37 - (1610 - 1624).
-25
What